{"id":176,"date":"2010-03-31T22:46:06","date_gmt":"2010-03-31T22:46:06","guid":{"rendered":"http:\/\/www.kvarnparksbadet.org\/wordpress\/?page_id=176"},"modified":"2010-04-01T14:45:35","modified_gmt":"2010-04-01T14:45:35","slug":"hitta-hit","status":"publish","type":"page","link":"https:\/\/www.kvarnparksbadet.org\/?page_id=176","title":{"rendered":"Hitta till Kvarnparksbadet"},"content":{"rendered":"<p><strong>Via buss:<\/strong><\/p>\n<p>Fr\u00e5n M\u00f6rby Centrum eller Danderyds sjukhus g\u00e5r det att ta bussarna 602H, 602V, 601H och 601V f\u00f6r att komma till Kvarnparksbadet. Bussarna markeras med H eller V beroende p\u00e5 om de \u00e5ker sin rutt via h\u00f6gervarvet eller v\u00e4nstervarvet. F\u00f6r att f\u00e5 kortast restid rekommenderar vi bussarna 602H, 602V och 601H. Buss 601V tar v\u00e4ldigt l\u00e5ng tid att komma fram med.<\/p>\n<p>Ni b\u00f6r stiga av vid f\u00f6ljande bussh\u00e5llplatser:<\/p>\n<p>601H &#8211; Nora torg<br \/>\n601V &#8211; Nora torg<br \/>\n602H &#8211; Danderydsvallen<br \/>\n602V &#8211; Nora torg<\/p>\n<p>Fr\u00e5n Nora torg \u00e4r det bara f\u00f6lja den v\u00e4gen Ni stiger av p\u00e5 i den riktning d\u00e4r v\u00e4gen \u00e4r rak. Fr\u00e5n Danderydsvallen ska Ni i riktning mot den andra sidan av rondellen.<\/p>\n<p><strong>Via andra fortskaffningsmedel:<\/strong><\/p>\n<p style=\"text-align: center;\"><a href=\"http:\/\/www.kvarnparksbadet.org\/wp-content\/uploads\/2010\/03\/badet1.png\"><img decoding=\"async\" loading=\"lazy\" class=\"aligncenter size-full wp-image-183\" title=\"badet\" src=\"http:\/\/www.kvarnparksbadet.org\/wp-content\/uploads\/2010\/03\/badet1.png\" alt=\"\" width=\"542\" height=\"513\" srcset=\"https:\/\/www.kvarnparksbadet.org\/wp-content\/uploads\/2010\/03\/badet1.png 542w, https:\/\/www.kvarnparksbadet.org\/wp-content\/uploads\/2010\/03\/badet1-300x283.png 300w\" sizes=\"(max-width: 542px) 100vw, 542px\" \/><\/a><\/p>\n<p><a href=\"http:\/\/kartor.eniro.se\/m\/pmLn6\" target=\"_self\">Eniros karta<\/a><\/p>\n","protected":false},"excerpt":{"rendered":"<p>Via buss: Fr\u00e5n M\u00f6rby Centrum eller Danderyds sjukhus g\u00e5r det att ta bussarna 602H, 602V, 601H och 601V f\u00f6r att komma till Kvarnparksbadet. Bussarna markeras med H eller V beroende p\u00e5 om de \u00e5ker sin rutt via h\u00f6gervarvet eller v\u00e4nstervarvet. F\u00f6r att f\u00e5 kortast restid rekommenderar vi bussarna 602H, 602V och 601H. Buss 601V tar [&hellip;]<\/p>\n","protected":false},"author":1,"featured_media":0,"parent":42,"menu_order":0,"comment_status":"closed","ping_status":"closed","template":"","meta":[],"_links":{"self":[{"href":"https:\/\/www.kvarnparksbadet.org\/index.php?rest_route=\/wp\/v2\/pages\/176"}],"collection":[{"href":"https:\/\/www.kvarnparksbadet.org\/index.php?rest_route=\/wp\/v2\/pages"}],"about":[{"href":"https:\/\/www.kvarnparksbadet.org\/index.php?rest_route=\/wp\/v2\/types\/page"}],"author":[{"embeddable":true,"href":"https:\/\/www.kvarnparksbadet.org\/index.php?rest_route=\/wp\/v2\/users\/1"}],"replies":[{"embeddable":true,"href":"https:\/\/www.kvarnparksbadet.org\/index.php?rest_route=%2Fwp%2Fv2%2Fcomments&post=176"}],"version-history":[{"count":6,"href":"https:\/\/www.kvarnparksbadet.org\/index.php?rest_route=\/wp\/v2\/pages\/176\/revisions"}],"predecessor-version":[{"id":181,"href":"https:\/\/www.kvarnparksbadet.org\/index.php?rest_route=\/wp\/v2\/pages\/176\/revisions\/181"}],"up":[{"embeddable":true,"href":"https:\/\/www.kvarnparksbadet.org\/index.php?rest_route=\/wp\/v2\/pages\/42"}],"wp:attachment":[{"href":"https:\/\/www.kvarnparksbadet.org\/index.php?rest_route=%2Fwp%2Fv2%2Fmedia&parent=176"}],"curies":[{"name":"wp","href":"https:\/\/api.w.org\/{rel}","templated":true}]}}